{"id":1487,"date":"2018-03-08T20:49:10","date_gmt":"2018-03-08T20:49:10","guid":{"rendered":"http:\/\/burgspiele-altleiningen.de\/?page_id=1487"},"modified":"2018-03-10T13:25:35","modified_gmt":"2018-03-10T13:25:35","slug":"2017-frischling-glaenzt-in-hauptrolle","status":"publish","type":"page","link":"https:\/\/burgspiele-altleiningen.de\/?page_id=1487","title":{"rendered":"2017 &#8211; \u201eFrischling\u201c gl\u00e4nzt in Hauptrolle"},"content":{"rendered":"<h6 style=\"text-align: center;\">\u201eFrischling\u201c gl\u00e4nzt in Hauptrolle<\/h6>\n<p><em>Quelle: Die Rheinpfalz vom 19.6.2017, Anja Benndorf<\/em><\/p>\n<h6 style=\"text-align: center;\">Altleininger Burgspieler mit ausgezeichneter Premiere von \u201eMomo\u201c<br \/>\n\u2013 Elf neue Akteure auf der B\u00fchne<\/h6>\n<p>&nbsp;<\/p>\n<p>Viel Zeit haben die Altleininger Burgspieler in ihr neues Sommerst\u00fcck investiert, in dem es um den Wert von Zeit geht. Auch ist gro\u00dfer licht- und tontechnischer Aufwand betrieben worden. Herausgekommen ist eine fantastische Interpretation von Michael Endes Roman \u201eMomo\u201c, die am Samstag Premiere hatte und auf die durch einen Eulentanz der \u00f6rtlichen Grundschule eingestimmt wurde. Mit Bravour hat Jula Donie ihr B\u00fchnen-Deb\u00fct hinter sich gebracht \u2013 und das gleich in der Hauptrolle.<\/p>\n<p><img loading=\"lazy\" decoding=\"async\" class=\"size-medium wp-image-1499 alignleft\" src=\"https:\/\/burgspiele-altleiningen.de\/wp-content\/uploads\/2018\/03\/momo-momo-167x300.jpg\" alt=\"\" width=\"167\" height=\"300\" srcset=\"https:\/\/burgspiele-altleiningen.de\/wp-content\/uploads\/2018\/03\/momo-momo-167x300.jpg 167w, https:\/\/burgspiele-altleiningen.de\/wp-content\/uploads\/2018\/03\/momo-momo.jpg 394w\" sizes=\"auto, (max-width: 167px) 100vw, 167px\" \/> Die Zw\u00f6lfj\u00e4hrige \u2013 barfu\u00df, in einem Flickenrock und mit lustigen bunten B\u00e4ndern im Haar \u2013 stellt die meist ernst und ein bisschen traurig schauende Protagonistin ausgezeichnet dar. Sie ist eine von elf neuen Mimen, die die Amateurtheatergruppe im November neu verpflichtet hat.<\/p>\n<p><img loading=\"lazy\" decoding=\"async\" class=\"size-medium wp-image-1500 alignright\" src=\"https:\/\/burgspiele-altleiningen.de\/wp-content\/uploads\/2018\/03\/momo-polizei-300x180.jpg\" alt=\"\" width=\"300\" height=\"180\" srcset=\"https:\/\/burgspiele-altleiningen.de\/wp-content\/uploads\/2018\/03\/momo-polizei-300x180.jpg 300w, https:\/\/burgspiele-altleiningen.de\/wp-content\/uploads\/2018\/03\/momo-polizei-768x462.jpg 768w, https:\/\/burgspiele-altleiningen.de\/wp-content\/uploads\/2018\/03\/momo-polizei-1024x616.jpg 1024w, https:\/\/burgspiele-altleiningen.de\/wp-content\/uploads\/2018\/03\/momo-polizei.jpg 1063w\" sizes=\"auto, (max-width: 300px) 100vw, 300px\" \/>Unter den Frischlingen im Rampenlicht ist auch Klaus Stemler, der pensionierte Lokalchef der RHEINPFALZ Gr\u00fcnstadt, der gleich in mehreren Rollen gl\u00e4nzt: mit Strohhut und Kamera als Tourist, in Uniform als Polizist sowie mit Maske und Zigarre als grauer Herr. In mehrere Charaktere schl\u00fcpfen auch etliche andere. Insgesamt verk\u00f6rpern 24 Akteure 35 Figuren.<\/p>\n<p><img loading=\"lazy\" decoding=\"async\" class=\"size-medium wp-image-1495 alignright\" src=\"https:\/\/burgspiele-altleiningen.de\/wp-content\/uploads\/2018\/03\/momo-gigi-300x242.jpg\" alt=\"\" width=\"300\" height=\"242\" srcset=\"https:\/\/burgspiele-altleiningen.de\/wp-content\/uploads\/2018\/03\/momo-gigi-300x242.jpg 300w, https:\/\/burgspiele-altleiningen.de\/wp-content\/uploads\/2018\/03\/momo-gigi-768x618.jpg 768w, https:\/\/burgspiele-altleiningen.de\/wp-content\/uploads\/2018\/03\/momo-gigi-1024x825.jpg 1024w, https:\/\/burgspiele-altleiningen.de\/wp-content\/uploads\/2018\/03\/momo-gigi.jpg 1063w\" sizes=\"auto, (max-width: 300px) 100vw, 300px\" \/>Momo lebt ganz allein in der Ruine eines Amphitheaters, wo Gigi Fremdenf\u00fchrer (Jonas Wessel) immer wieder Touristen die Geschichte erkl\u00e4rt. Eines Tages finden er, Beppo Stra\u00dfenkehrer (Willy Hiebert), Gastwirt Nino (Marvin Schmitt), dessen Frau Liliana (Manuela Spie\u00df), Maurer Nicola (Wilgens G\u00fcnther) und Friseur Fusi (Martin Steinmetz) das kleine M\u00e4dchen, das sich seinen Namen selbst gegeben hat und \u00fcber eine Gabe verf\u00fcgt: es kann so gut zuh\u00f6ren, dass jeder ihm seine Geheimnisse anvertraut.<\/p>\n<p><img loading=\"lazy\" decoding=\"async\" class=\"size-medium wp-image-1496 alignleft\" src=\"https:\/\/burgspiele-altleiningen.de\/wp-content\/uploads\/2018\/03\/momo-grauerherr-218x300.jpg\" alt=\"\" width=\"218\" height=\"300\" srcset=\"https:\/\/burgspiele-altleiningen.de\/wp-content\/uploads\/2018\/03\/momo-grauerherr-218x300.jpg 218w, https:\/\/burgspiele-altleiningen.de\/wp-content\/uploads\/2018\/03\/momo-grauerherr-768x1057.jpg 768w, https:\/\/burgspiele-altleiningen.de\/wp-content\/uploads\/2018\/03\/momo-grauerherr-744x1024.jpg 744w, https:\/\/burgspiele-altleiningen.de\/wp-content\/uploads\/2018\/03\/momo-grauerherr.jpg 772w\" sizes=\"auto, (max-width: 218px) 100vw, 218px\" \/>Diese F\u00e4higkeit, die etwa Nino und Nicola zur Schlichtung ihres Streits nutzen, wird Momo gef\u00e4hrlich, als bei ihr Agent BLW 553 C (Oliver Kesberger) ins Plaudern ger\u00e4t. Er ist einer der ewig Zigarre rauchenden Grauen Herren, die von der Zeit leben, die sie den Menschen stehlen. Dazu \u00fcberreden sie die Erdbewohner, \u201e\u00dcberfl\u00fcssiges\u201c wegzulassen und ein Konto bei der Zeitsparkasse anzulegen. K\u00e4lte breitet sich aus, Menschlichkeit geht verloren.<\/p>\n<p><img loading=\"lazy\" decoding=\"async\" class=\"size-medium wp-image-1494 alignright\" src=\"https:\/\/burgspiele-altleiningen.de\/wp-content\/uploads\/2018\/03\/momo-fusi-300x212.jpg\" alt=\"\" width=\"300\" height=\"212\" srcset=\"https:\/\/burgspiele-altleiningen.de\/wp-content\/uploads\/2018\/03\/momo-fusi-300x212.jpg 300w, https:\/\/burgspiele-altleiningen.de\/wp-content\/uploads\/2018\/03\/momo-fusi-768x543.jpg 768w, https:\/\/burgspiele-altleiningen.de\/wp-content\/uploads\/2018\/03\/momo-fusi-1024x723.jpg 1024w, https:\/\/burgspiele-altleiningen.de\/wp-content\/uploads\/2018\/03\/momo-fusi.jpg 1063w\" sizes=\"auto, (max-width: 300px) 100vw, 300px\" \/>Allein Fusi hat nach der Rechnung eines Agenten (Franz-Josef Busch) s\u00e4mtliche 1.324.512.000 Sekunden, die bis zu seinem 42. Geburtstag vergangen waren, verschwendet. Es stimmt nachdenklich, wie der qualmende Besucher dem Friseur klarmacht, dass er seine kranke Mutter doch in ein Pflegeheim geben soll, anstatt sich t\u00e4glich um sie zu k\u00fcmmern, und dass er besser seinen Wellensittich abschafft, der ihn t\u00e4glich 15 Minuten kostet. Immer schneller, immer effizienter \u2013 ein aktueller Trend, der von Autor Michael Ende schon vor knapp 45 Jahren erkannt wurde.<\/p>\n<p><img loading=\"lazy\" decoding=\"async\" class=\"size-medium wp-image-1493 alignleft\" src=\"https:\/\/burgspiele-altleiningen.de\/wp-content\/uploads\/2018\/03\/momo-barbie-174x300.jpg\" alt=\"\" width=\"174\" height=\"300\" srcset=\"https:\/\/burgspiele-altleiningen.de\/wp-content\/uploads\/2018\/03\/momo-barbie-174x300.jpg 174w, https:\/\/burgspiele-altleiningen.de\/wp-content\/uploads\/2018\/03\/momo-barbie-592x1024.jpg 592w, https:\/\/burgspiele-altleiningen.de\/wp-content\/uploads\/2018\/03\/momo-barbie.jpg 615w\" sizes=\"auto, (max-width: 174px) 100vw, 174px\" \/>Nachdem Momo s\u00e4mtliche Freunde abhanden gekommen sind, weil niemand mehr Zeit f\u00fcr sie hat, bekommt sie Besuch von Agent BLW 553 C, der ihr die perfekte Puppe Bibigirl schenkt. Die blonde Riesen-Barbie, die stocksteif dasitzt und st\u00e4ndig f\u00fcnf S\u00e4tze wiederholt, ist sicherlich nicht leicht zu spielen, aber Julia Hiebert bew\u00e4ltigt das meisterhaft. Auch ist es laut Susanne Rechner, die bei dem St\u00fcck mit Manuela Spie\u00df Regie f\u00fchrt, eine gro\u00dfe Herausforderung, die Puppe zu schminken. Dies ist den Maskenbildnerinnen hervorragend gelungen. Sehr sch\u00f6n sind auch die wechselnden Kulissen in unterschiedlichen Beleuchtungen, perfekt abgestimmt auf die jeweilige Szene.<\/p>\n<p><img loading=\"lazy\" decoding=\"async\" class=\"size-medium wp-image-1498 alignright\" src=\"https:\/\/burgspiele-altleiningen.de\/wp-content\/uploads\/2018\/03\/momo-kassiopeia-158x300.jpg\" alt=\"\" width=\"158\" height=\"300\" srcset=\"https:\/\/burgspiele-altleiningen.de\/wp-content\/uploads\/2018\/03\/momo-kassiopeia-158x300.jpg 158w, https:\/\/burgspiele-altleiningen.de\/wp-content\/uploads\/2018\/03\/momo-kassiopeia-538x1024.jpg 538w, https:\/\/burgspiele-altleiningen.de\/wp-content\/uploads\/2018\/03\/momo-kassiopeia.jpg 559w\" sizes=\"auto, (max-width: 158px) 100vw, 158px\" \/>Grandios ist Kyra Schilling als Schildkr\u00f6te Kassiopeia, die langsam \u00fcber die B\u00fchne schleicht und ebenso langsam spricht. Urkomisch ist es, ihr beim Essen zuzuschauen. Genussvoll formt sie jede Kaubewegung.<\/p>\n<p><img loading=\"lazy\" decoding=\"async\" class=\"size-medium wp-image-1497 alignleft\" src=\"https:\/\/burgspiele-altleiningen.de\/wp-content\/uploads\/2018\/03\/momo-hora-300x208.jpg\" alt=\"\" width=\"300\" height=\"208\" srcset=\"https:\/\/burgspiele-altleiningen.de\/wp-content\/uploads\/2018\/03\/momo-hora-300x208.jpg 300w, https:\/\/burgspiele-altleiningen.de\/wp-content\/uploads\/2018\/03\/momo-hora-768x532.jpg 768w, https:\/\/burgspiele-altleiningen.de\/wp-content\/uploads\/2018\/03\/momo-hora-1024x710.jpg 1024w, https:\/\/burgspiele-altleiningen.de\/wp-content\/uploads\/2018\/03\/momo-hora.jpg 1063w\" sizes=\"auto, (max-width: 300px) 100vw, 300px\" \/>Das Tier mit dem dicken Panzer f\u00fchrt Momo zu Meister Hora (Jochen Knauff), der schlaflos die Stundenblumen bewacht und den Menschen ihre verlorenen Sekunden zur\u00fcck geben kann. Hora entl\u00e4sst das Premierenpublikum im voll besetzten Theater, das st\u00fcrmisch applaudiert, mit der Weisheit: \u201eDie Zeit ist das Leben, und das Leben wohnt in euren Herzen.\u201c<\/p>\n","protected":false},"excerpt":{"rendered":"<p>\u201eFrischling\u201c gl\u00e4nzt in Hauptrolle Quelle: Die Rheinpfalz vom 19.6.2017, Anja Benndorf Altleininger Burgspieler mit ausgezeichneter Premiere von \u201eMomo\u201c \u2013 Elf neue Akteure auf der B\u00fchne &nbsp; Viel Zeit haben die Altleininger Burgspieler in ihr neues Sommerst\u00fcck investiert, in dem es&hellip; <\/p>\n","protected":false},"author":4,"featured_media":0,"parent":187,"menu_order":0,"comment_status":"closed","ping_status":"closed","template":"","meta":{"footnotes":""},"class_list":["post-1487","page","type-page","status-publish","hentry"],"_links":{"self":[{"href":"https:\/\/burgspiele-altleiningen.de\/index.php?rest_route=\/wp\/v2\/pages\/1487","targetHints":{"allow":["GET"]}}],"collection":[{"href":"https:\/\/burgspiele-altleiningen.de\/index.php?rest_route=\/wp\/v2\/pages"}],"about":[{"href":"https:\/\/burgspiele-altleiningen.de\/index.php?rest_route=\/wp\/v2\/types\/page"}],"author":[{"embeddable":true,"href":"https:\/\/burgspiele-altleiningen.de\/index.php?rest_route=\/wp\/v2\/users\/4"}],"replies":[{"embeddable":true,"href":"https:\/\/burgspiele-altleiningen.de\/index.php?rest_route=%2Fwp%2Fv2%2Fcomments&post=1487"}],"version-history":[{"count":22,"href":"https:\/\/burgspiele-altleiningen.de\/index.php?rest_route=\/wp\/v2\/pages\/1487\/revisions"}],"predecessor-version":[{"id":1527,"href":"https:\/\/burgspiele-altleiningen.de\/index.php?rest_route=\/wp\/v2\/pages\/1487\/revisions\/1527"}],"up":[{"embeddable":true,"href":"https:\/\/burgspiele-altleiningen.de\/index.php?rest_route=\/wp\/v2\/pages\/187"}],"wp:attachment":[{"href":"https:\/\/burgspiele-altleiningen.de\/index.php?rest_route=%2Fwp%2Fv2%2Fmedia&parent=1487"}],"curies":[{"name":"wp","href":"https:\/\/api.w.org\/{rel}","templated":true}]}}