{"id":189,"date":"2017-12-22T14:36:10","date_gmt":"2017-12-22T13:36:10","guid":{"rendered":"http:\/\/burgspiele-altleiningen.net\/?page_id=189"},"modified":"2025-05-29T17:30:05","modified_gmt":"2025-05-29T17:30:05","slug":"nachbarbuehnen","status":"publish","type":"page","link":"https:\/\/burgspiele-altleiningen.de\/?page_id=189","title":{"rendered":"Unsere Nachbarb\u00fchnen"},"content":{"rendered":"\n<p>Unsere Nachbarb\u00fchnen in Rheinland-Pfalz finden Sie in<br>Ardeck, <a href=\"http:\/\/www.ardeck-burgfestspiele.de\" target=\"blank\">www.ardeck-burgfestspiele.de<\/a><br>Bad D\u00fcrkheim, <a href=\"http:\/\/www.tadw.de\" target=\"blank\">www.tadw.de<\/a><br>Bobenheim-Roxheim, <a href=\"http:\/\/www.theaterkreis1975.de\" target=\"blank\">www.theaterkreis1975.de<\/a><br>Hassloch, <a href=\"http:\/\/www.theaterverein-hassloch.de\" target=\"blank\">www.theaterverein-hassloch.de<\/a><br>Kaisersesch,&nbsp;<a href=\"http:\/\/www.theater-kaisersesch.de\" target=\"blank\">www.theater-kaisersesch.de<\/a><br>Katzweiler, <a href=\"http:\/\/www.freilichtspiele-katzweiler.de\" target=\"blank\">www.freilichtspiele-katzweiler.de<\/a><br>Neustadt\/W., <a href=\"http:\/\/www.neustadter-schauspielgruppe.de\" target=\"blank\">www.neustadter-schauspielgruppe.de<\/a><br>Schuld, <a href=\"http:\/\/www.freilichtbuehne-schuld.de\" target=\"blank\">www.freilichtbuehne-schuld.de<\/a><br>und&nbsp;Worms, <a href=\"http:\/\/www.theater-im-museumshof.de\" target=\"blank\">www.theater-im-museumshof.de<\/a><\/p>\n\n\n\n<p>\u00dcbrigens: Auch wenn es auf den ersten Blick nicht so aussieht &#8211;&nbsp;wir sind eine <strong>Freilichtb\u00fchne<\/strong>! Und sind deshalb seit unserer Gr\u00fcndung Mitglied im Verband deutscher Freilichtb\u00fchnen. Internet: <a href=\"http:\/\/www.freilichtbuehnen.de\">http:\/\/www.freilichtbuehnen.de<\/a><\/p>\n\n\n\n<figure class=\"wp-block-embed is-type-video is-provider-youtube wp-block-embed-youtube wp-embed-aspect-16-9 wp-has-aspect-ratio\"><div class=\"wp-block-embed__wrapper\">\n<iframe loading=\"lazy\" title=\"Verband Deutscher Freilichtb\u00fchnen e.V.\" width=\"642\" height=\"361\" src=\"https:\/\/www.youtube.com\/embed\/cBR82EBTct8?feature=oembed\" frameborder=\"0\" allow=\"accelerometer; autoplay; clipboard-write; encrypted-media; gyroscope; picture-in-picture; web-share\" referrerpolicy=\"strict-origin-when-cross-origin\" allowfullscreen><\/iframe>\n<\/div><\/figure>\n\n\n\n<p>&nbsp;<\/p>\n\n\n\n<p>Zwar ist unsere Spielst\u00e4tte \u00fcberdacht, aber wir haben doch die gleichen Rahmenbedingungen wie alle anderen&nbsp;Freilichtb\u00fchnen: die Lichttechniker m\u00fcssen damit leben, dass es im Sommer sehr lange hell ist und viele Lichteffekte erst &#8222;ab August&#8220; zur Wirkung gelangen und unsere Zuschauer und Spieler sind&nbsp;den Au\u00dfentemperaturen ausgesetzt, weshalb es sich empfiehlt, auch im Sommer mit warmer Kleidung und evtl. einer Decke die Auff\u00fchrungen zu besuchen.<\/p>\n","protected":false},"excerpt":{"rendered":"<p>Unsere Nachbarb\u00fchnen in Rheinland-Pfalz finden Sie inArdeck, www.ardeck-burgfestspiele.deBad D\u00fcrkheim, www.tadw.deBobenheim-Roxheim, www.theaterkreis1975.deHassloch, www.theaterverein-hassloch.deKaisersesch,&nbsp;www.theater-kaisersesch.deKatzweiler, www.freilichtspiele-katzweiler.deNeustadt\/W., www.neustadter-schauspielgruppe.deSchuld, www.freilichtbuehne-schuld.deund&nbsp;Worms, www.theater-im-museumshof.de \u00dcbrigens: Auch wenn es auf den ersten Blick nicht so aussieht &#8211;&nbsp;wir sind eine Freilichtb\u00fchne! Und sind deshalb seit unserer Gr\u00fcndung Mitglied im Verband&hellip; <\/p>\n","protected":false},"author":4,"featured_media":0,"parent":0,"menu_order":0,"comment_status":"closed","ping_status":"closed","template":"","meta":{"footnotes":""},"class_list":["post-189","page","type-page","status-publish","hentry"],"_links":{"self":[{"href":"https:\/\/burgspiele-altleiningen.de\/index.php?rest_route=\/wp\/v2\/pages\/189","targetHints":{"allow":["GET"]}}],"collection":[{"href":"https:\/\/burgspiele-altleiningen.de\/index.php?rest_route=\/wp\/v2\/pages"}],"about":[{"href":"https:\/\/burgspiele-altleiningen.de\/index.php?rest_route=\/wp\/v2\/types\/page"}],"author":[{"embeddable":true,"href":"https:\/\/burgspiele-altleiningen.de\/index.php?rest_route=\/wp\/v2\/users\/4"}],"replies":[{"embeddable":true,"href":"https:\/\/burgspiele-altleiningen.de\/index.php?rest_route=%2Fwp%2Fv2%2Fcomments&post=189"}],"version-history":[{"count":21,"href":"https:\/\/burgspiele-altleiningen.de\/index.php?rest_route=\/wp\/v2\/pages\/189\/revisions"}],"predecessor-version":[{"id":2298,"href":"https:\/\/burgspiele-altleiningen.de\/index.php?rest_route=\/wp\/v2\/pages\/189\/revisions\/2298"}],"wp:attachment":[{"href":"https:\/\/burgspiele-altleiningen.de\/index.php?rest_route=%2Fwp%2Fv2%2Fmedia&parent=189"}],"curies":[{"name":"wp","href":"https:\/\/api.w.org\/{rel}","templated":true}]}}