{"id":731,"date":"2018-01-02T19:02:10","date_gmt":"2018-01-02T19:02:10","guid":{"rendered":"http:\/\/burgspiele-altleiningen.net\/?page_id=731"},"modified":"2025-05-26T13:12:41","modified_gmt":"2025-05-26T13:12:41","slug":"kartenbestellung-2","status":"publish","type":"page","link":"https:\/\/burgspiele-altleiningen.de\/?page_id=731","title":{"rendered":"Tickets"},"content":{"rendered":"<p>Drei Wege gibt es, um Karten f\u00fcr unsere Vorstellungen zu kaufen:<\/p>\n<p><img loading=\"lazy\" decoding=\"async\" class=\"size-medium wp-image-1446 alignright\" src=\"https:\/\/burgspiele-altleiningen.de\/wp-content\/uploads\/2018\/02\/Vorverkaufsb\u00fcro-300x225.jpg\" alt=\"\" width=\"300\" height=\"225\" srcset=\"https:\/\/burgspiele-altleiningen.de\/wp-content\/uploads\/2018\/02\/Vorverkaufsb\u00fcro-300x225.jpg 300w, https:\/\/burgspiele-altleiningen.de\/wp-content\/uploads\/2018\/02\/Vorverkaufsb\u00fcro-768x576.jpg 768w, https:\/\/burgspiele-altleiningen.de\/wp-content\/uploads\/2018\/02\/Vorverkaufsb\u00fcro.jpg 1024w\" sizes=\"auto, (max-width: 300px) 100vw, 300px\" \/><\/p>\n<ol>\n<li>Telefonisch und direkt unter 06356\/8800<br \/>\nmontags und dienstags von 17 bis 19 Uhr, ab Mitte April, in unserer Vorverkaufsstelle direkt auf der Burg<\/li>\n<li>\u00a0<a href=\"https:\/\/burgspiele-altleiningen.de\/?page_id=179\" target=\"_blank\" rel=\"noopener noreferrer\">online<\/a> rund um die Uhr<br \/>\nEs \u00f6ffnet sich eine neue Seite, auf der alle aktuellen Veranstaltungen angezeigt werden. Dort k\u00f6nnen Sie die verf\u00fcgbaren Sitzpl\u00e4tze ausw\u00e4hlen.<br \/>\nKarten, die Sie online kaufen, k\u00f6nnen Sie selbst ausdrucken oder sich nach Zahlungseingang per Post zuschicken lassen (zzgl. Versandgeb\u00fchr).<br \/>\nBitte beachten Sie, dass in diesem Fall den Burgspiele Altleiningen keine weiteren Informationen zu Ihrer Kartenbestellung vorliegt. Im Falle von R\u00fcckfragen wenden Sie sich dann bitte direkt an <a href=\"https:\/\/www.ticket-regional.de\/contact.php\" target=\"_blank\" rel=\"noopener noreferrer\"><em>Ticket Regional<\/em><\/a>.<\/li>\n<li>Bei den Vorverkaufsstellen von Ticket Regional<br \/>\nBitte beachten Sie in diesem Falle deren eigene Datenschutzbestimmungen, die Sie auf der Website von <em>Ticket Regional<\/em> finden k\u00f6nnen. Eine Liste aller Ticket Regional &#8211; Vorverkaufsstellen bundesweit finden Sie auf deren Homepage <a href=\"http:\/\/www.ticket-regional.de\" target=\"blank\" rel=\"noopener noreferrer\">www.ticket-regional.de<\/a><\/li>\n<\/ol>\n<p>Der Eintrittspreis betr\u00e4gt 15 Euro (Kategorie 1) bzw. 14 Euro (Kategorie 2).<\/p>\n<p>Hier finden Sie unseren <a href=\"https:\/\/burgspiele-altleiningen.de\/wp-content\/uploads\/2017\/12\/stuhlplan.gif\" target=\"_blank\" rel=\"noopener noreferrer\">Bestuhlungsplan<\/a>, aus dem auch die Zuordnung zu Preiskategorien hervorgeht (es \u00f6ffnet sich ein neues Fenster).<\/p>\n","protected":false},"excerpt":{"rendered":"<p>Drei Wege gibt es, um Karten f\u00fcr unsere Vorstellungen zu kaufen: Telefonisch und direkt unter 06356\/8800 montags und dienstags von 17 bis 19 Uhr, ab Mitte April, in unserer Vorverkaufsstelle direkt auf der Burg \u00a0online rund um die Uhr Es&hellip; <\/p>\n","protected":false},"author":4,"featured_media":0,"parent":0,"menu_order":0,"comment_status":"closed","ping_status":"closed","template":"","meta":{"footnotes":""},"class_list":["post-731","page","type-page","status-publish","hentry"],"_links":{"self":[{"href":"https:\/\/burgspiele-altleiningen.de\/index.php?rest_route=\/wp\/v2\/pages\/731","targetHints":{"allow":["GET"]}}],"collection":[{"href":"https:\/\/burgspiele-altleiningen.de\/index.php?rest_route=\/wp\/v2\/pages"}],"about":[{"href":"https:\/\/burgspiele-altleiningen.de\/index.php?rest_route=\/wp\/v2\/types\/page"}],"author":[{"embeddable":true,"href":"https:\/\/burgspiele-altleiningen.de\/index.php?rest_route=\/wp\/v2\/users\/4"}],"replies":[{"embeddable":true,"href":"https:\/\/burgspiele-altleiningen.de\/index.php?rest_route=%2Fwp%2Fv2%2Fcomments&post=731"}],"version-history":[{"count":32,"href":"https:\/\/burgspiele-altleiningen.de\/index.php?rest_route=\/wp\/v2\/pages\/731\/revisions"}],"predecessor-version":[{"id":2290,"href":"https:\/\/burgspiele-altleiningen.de\/index.php?rest_route=\/wp\/v2\/pages\/731\/revisions\/2290"}],"wp:attachment":[{"href":"https:\/\/burgspiele-altleiningen.de\/index.php?rest_route=%2Fwp%2Fv2%2Fmedia&parent=731"}],"curies":[{"name":"wp","href":"https:\/\/api.w.org\/{rel}","templated":true}]}}