{"id":828,"date":"2018-01-06T14:53:16","date_gmt":"2018-01-06T14:53:16","guid":{"rendered":"http:\/\/burgspiele-altleiningen.net\/?page_id=828"},"modified":"2026-02-23T19:43:11","modified_gmt":"2026-02-23T19:43:11","slug":"spielzeit-2018","status":"publish","type":"page","link":"https:\/\/burgspiele-altleiningen.de\/","title":{"rendered":"Spielzeit 2026"},"content":{"rendered":"\n<p><strong>Herzlich Willkommen bei den Burgspielen Altleiningen<\/strong><\/p>\n\n\n\n<p><strong>2026 &#8211; <em>Das Theaterjahr in Altleiningen<\/em><\/strong><\/p>\n\n\n\n<p>Liebe Theaterg\u00e4ste,<\/p>\n\n\n\n<p>kaum ist das neue Jahr angebrochen, stehen schon unsere ersten Auff\u00fchrungen vor der T\u00fcr.<\/p>\n\n\n\n<p>Im Februar und M\u00e4rz gibt es bereits das 12. Theatercaf\u00e9, dieses Mal unter dem Titel &#8222;Schlagercocktail&#8220;. In einer turbulenten Szenenfolge wollen wir Sie mit deutschen Schlagern aus den 1970ern unterhalten: Ein ehrgeiziges Gesangspaar &#8222;Bonnie und Klaus&#8220; m\u00f6chte w\u00e4hrend der Probe zur TV-Sendung &#8222;Schlagercocktail&#8220; die ultimative Schlagerformel des Experten Prof. G.T. Fechner an sich bringen. Aber wie so oft im Leben: es kommt anders, als man denkt!<\/p>\n\n\n\n<p>Bei Kaffee und Kuchen (und &#8211; wenn Sie m\u00f6gen &#8211; einem Cocktail) k\u00f6nnen Sie von &#8222;Cindy und Bert&#8220; bis &#8222;Michael Holm&#8220; und von den &#8222;Windows&#8220; bis &#8222;Wencke Myhre&#8220; viele alte Bekannte wieder h\u00f6ren. <br><\/p>\n\n\n\n<figure class=\"wp-block-embed is-type-video is-provider-youtube wp-block-embed-youtube wp-embed-aspect-16-9 wp-has-aspect-ratio\"><div class=\"wp-block-embed__wrapper\">\n<iframe loading=\"lazy\" title=\"Schlagercocktail - Trailer\" width=\"642\" height=\"361\" src=\"https:\/\/www.youtube.com\/embed\/GtIx9dZyOHU?feature=oembed\" frameborder=\"0\" allow=\"accelerometer; autoplay; clipboard-write; encrypted-media; gyroscope; picture-in-picture; web-share\" referrerpolicy=\"strict-origin-when-cross-origin\" allowfullscreen><\/iframe>\n<\/div><\/figure>\n\n\n\n<p>Wir spielen am 21. und 28. Februar, 1., 7. und 8. M\u00e4rz &#8211; der Einlass ist jeweils um 16 Uhr, die Auff\u00fchrung beginnt um 17 Uhr und dauert gut eine Stunde.<\/p>\n\n\n\n<p>Unseren Vorverkauf erreichen Sie montags und dienstags von 17-19 Uhr unter der Tel.Nr. 06356\/8800 oder direkt auf der Burg.<\/p>\n\n\n\n<p>Nat\u00fcrlich k\u00f6nnen Sie auch <a href=\"https:\/\/burgspiele-altleiningen.de\/?page_id=731\" data-type=\"page\" data-id=\"731\">online <\/a>\u00fcber ticket-regional oder in der Buchhandlung Frank in Gr\u00fcnstadt Tickets kaufen. Sie kosten 15 Euro inkl. Kaffee und Kuchen!<\/p>\n\n\n\n<figure class=\"wp-block-image size-large\"><img loading=\"lazy\" decoding=\"async\" width=\"1024\" height=\"628\" src=\"https:\/\/burgspiele-altleiningen.de\/wp-content\/uploads\/2026\/02\/DSC02615-1024x628.jpg\" alt=\"\" class=\"wp-image-2438\" srcset=\"https:\/\/burgspiele-altleiningen.de\/wp-content\/uploads\/2026\/02\/DSC02615-1024x628.jpg 1024w, https:\/\/burgspiele-altleiningen.de\/wp-content\/uploads\/2026\/02\/DSC02615-300x184.jpg 300w, https:\/\/burgspiele-altleiningen.de\/wp-content\/uploads\/2026\/02\/DSC02615-768x471.jpg 768w, https:\/\/burgspiele-altleiningen.de\/wp-content\/uploads\/2026\/02\/DSC02615.jpg 1500w\" sizes=\"auto, (max-width: 1024px) 100vw, 1024px\" \/><\/figure>\n\n\n\n<p>Und im Herbst gibt es vom 7.-28. November an sechs Abenden <strong>&#8222;Die Reise&#8220; von James Norbury <\/strong>&#8211; doch dazu sp\u00e4ter mehr Details.<\/p>\n\n\n\n<p><\/p>\n\n\n\n<p>Wie w\u00e4r&#8217;s?: Abonnieren Sie doch unseren Newsletter (Spalte rechts) &#8211; dann sind Sie immer auf dem Laufenden. Wir freuen uns auf Sie!<\/p>\n\n\n\n<p><\/p>\n","protected":false},"excerpt":{"rendered":"<p>Herzlich Willkommen bei den Burgspielen Altleiningen 2026 &#8211; Das Theaterjahr in Altleiningen Liebe Theaterg\u00e4ste, kaum ist das neue Jahr angebrochen, stehen schon unsere ersten Auff\u00fchrungen vor der T\u00fcr. Im Februar und M\u00e4rz gibt es bereits das 12. Theatercaf\u00e9, dieses Mal&hellip; <\/p>\n","protected":false},"author":4,"featured_media":0,"parent":0,"menu_order":0,"comment_status":"closed","ping_status":"closed","template":"","meta":{"footnotes":""},"class_list":["post-828","page","type-page","status-publish","hentry"],"_links":{"self":[{"href":"https:\/\/burgspiele-altleiningen.de\/index.php?rest_route=\/wp\/v2\/pages\/828","targetHints":{"allow":["GET"]}}],"collection":[{"href":"https:\/\/burgspiele-altleiningen.de\/index.php?rest_route=\/wp\/v2\/pages"}],"about":[{"href":"https:\/\/burgspiele-altleiningen.de\/index.php?rest_route=\/wp\/v2\/types\/page"}],"author":[{"embeddable":true,"href":"https:\/\/burgspiele-altleiningen.de\/index.php?rest_route=\/wp\/v2\/users\/4"}],"replies":[{"embeddable":true,"href":"https:\/\/burgspiele-altleiningen.de\/index.php?rest_route=%2Fwp%2Fv2%2Fcomments&post=828"}],"version-history":[{"count":185,"href":"https:\/\/burgspiele-altleiningen.de\/index.php?rest_route=\/wp\/v2\/pages\/828\/revisions"}],"predecessor-version":[{"id":2439,"href":"https:\/\/burgspiele-altleiningen.de\/index.php?rest_route=\/wp\/v2\/pages\/828\/revisions\/2439"}],"wp:attachment":[{"href":"https:\/\/burgspiele-altleiningen.de\/index.php?rest_route=%2Fwp%2Fv2%2Fmedia&parent=828"}],"curies":[{"name":"wp","href":"https:\/\/api.w.org\/{rel}","templated":true}]}}